rs of 29859030.
2, 3, 5, 191, 193
List the prime factors of 48064256.
2, 187751
What are the prime factors of 205447586?
2, 2017, 50929
List the prime factors of 18763443.
3, 223, 9349
List the prime factors of 2611332326.
2, 353, 3698771
What are the prime factors of 778577972?
2, 19, 10244447
What are the prime factors of 84152956?
2, 2543, 8273
What are the prime factors of 727869047?
113, 6441319
List the prime factors of 2660641305.
3, 5, 7, 1303, 19447
List the prime factors of 3884538191.
3884538191
List the prime factors of 194405138.
2, 97202569
What are the prime factors of 282142163?
2843, 99241
What are the prime factors of 82411672?
2, 7, 59, 24943
What are the prime factors of 110626218?
2, 3, 83, 74047
List the prime factors of 120265189.
11, 1373, 7963
List the prime factors of 413986383.
3, 19, 268997
List the prime factors of 575033788.
2, 7, 20536921
What are the prime factors of 320018977?
320018977
What are the prime factors of 2961192179?
11, 269199289
What are the prime factors of 220329595?
5, 139, 317021
What are the prime factors of 9167792714?
2, 19, 12959, 18617
What are the prime factors of 5694474300?
2, 3, 5, 229, 82889
What are the prime factors of 543584178?
2, 3, 29, 1041349
List the prime factors of 958904568.
2, 3, 1479791
List the prime factors of 247512836.
2, 61878209
What are the prime factors of 11713259?
2731, 4289
What are the prime factors of 107063191?
107063191
List the prime factors of 109955526.
2, 3, 3947, 4643
List the prime factors of 227629.
227629
List the prime factors of 110707379.
110707379
What are the prime factors of 323005882?
2, 17, 23, 317, 1303
What are the prime factors of 675339981?
3, 4027, 55901
What are the prime factors of 1081163716?
2, 3637, 74317
List the prime factors of 258838573.
7, 23, 127, 12659
List the prime factors of 221578038.
2, 3, 11, 19, 29, 677
What are the prime factors of 167910883?
7, 23987269
List the prime factors of 153155567.
17, 61, 113, 1307
What are the prime factors of 376634133?
3, 17, 1559, 1579
What are the prime factors of 420778173?
3, 140259391
List the prime factors of 213666108.
2, 3, 53, 335953
List the prime factors of 589084114.
2, 233, 1264129
List the prime factors of 249474873.
3, 41, 883, 2297
List the prime factors of 58709200.
2, 5, 11, 1213
List the prime factors of 27204863.
7, 113, 163, 211
What are the prime factors of 22383239?
103, 217313
List the prime factors of 71682183.
3, 17, 257, 1823
What are the prime factors of 4334572949?
7, 15349, 40343
What are the prime factors of 208756056?
2, 3, 17, 43, 73, 163
What are the prime factors of 1654356227?
229, 31547
List the prime factors of 143454500.
2, 5, 7, 17, 2411
List the prime factors of 328257241.
13, 443, 56999
What are the prime factors of 199191003?
3, 11, 19, 269, 1181
List the prime factors of 29663023.
13, 2281771
What are the prime factors of 1419885086?
2, 19, 37365397
What are the prime factors of 11273228?
2, 29, 157, 619
List the prime factors of 1074624030.
2, 3, 5, 3980089
List the prime factors of 2279721105.
3, 5, 271, 20771
What are the prime factors of 422180790?
2, 3, 5, 47, 299419
What are the prime factors of 1542231998?
2, 163, 1567, 3019
List the prime factors of 447468.
2, 3, 7, 761
List the prime factors of 1530861240.
2, 3, 5, 12757177
What are the prime factors of 8100806606?
2, 101, 4391, 9133
What are the prime factors of 201152683?
37, 41, 97, 1367
What are the prime factors of 37628327?
11, 17, 31, 6491
List the prime factors of 102189267.
3, 11354363
List the prime factors of 6713294.
2, 7, 61, 1123
What are the prime factors of 331096223?
19, 173, 263, 383
List the prime factors of 102940730.
2, 5, 10294073
What are the prime factors of 5787489526?
2, 7, 13, 421, 75533
List the prime factors of 51410994.
2, 3, 211, 40609
What are the prime factors of 235374683?
235374683
What are the prime factors of 455504139?
3, 50611571
What are the prime factors of 510215070?
2, 3, 5, 41, 414809
List the prime factors of 2181783418.
2, 1090891709
List the prime factors of 177274398.
2, 3, 7, 4220819
What are the prime factors of 391300660?
2, 5, 3461, 5653
What are the prime factors of 571050?
2, 3, 5, 47
What are the prime factors of 37736346?
2, 3, 2273, 2767
What are the prime factors of 667448750?
2, 5, 533959
List the prime factors of 41124102.
2, 3, 331, 20707
What are the prime factors of 3234376050?
2, 3, 5, 21562507
List the prime factors of 893405512.
2, 61, 1830749
List the prime factors of 3781073593.
11, 61, 5634983
List the prime factors of 230206982.
2, 115103491
What are the prime factors of 1569535176?
2, 3, 11, 449, 13241
List the prime factors of 46002868.
2, 829, 13873
What are the prime factors of 3655615?
5, 787, 929
What are the prime factors of 18873379?
7, 385171
What are the prime factors of 433475696?
2, 607, 44633
List the prime factors of 27373257.
3, 3041473
List the prime factors of 74649266.
2, 151, 247183
What are the prime factors of 870774981?
3, 3701, 78427
What are the prime factors of 1090959648?
2, 3, 11364163
What are the prime factors of 183286617?
3, 61095539
What are the prime factors of 2287649813?
2287649813
List the prime factors of 11551932.
2, 3, 7, 45841
What are the prime factors of 99583097?
99583097
What are the prime factors of 3685042593?
3, 1033, 44041
List the prime factors of 533407383.
3, 19755829
What are the prime factors of 203891456?
2, 796451
What are the prime factors of 2410150148?
2, 7, 103, 809, 1033
List the prime factors of 246654036.
2, 3, 613, 11177
What are the prime factors of 243495344?
2, 47, 323797
What are the prime factors of 39433747?
39433747
What are the prime factors of 60752000?
2, 5, 3797
What are the prime factors of 17864389?
19, 137, 6863
What are the prime factors of 107713587?
3, 419, 85691
List the prime factors of 58823840.
2, 5, 367649
What are the prime factors of 4551226?
2, 2275613
List the prime factors of 977683048.
2, 41, 72701
What are the prime factors of 2167902061?
13, 43, 1367, 2837
List the prime factors of 9643268260.
2, 5, 482163413
List the prime factors of 23888291.
7, 3412613
List the prime factors of 46475396.
2, 11, 127, 8317
List the prime factors of 354824066.
2, 177412033
List the prime factors of 132065998.
2, 19, 3475421
What are the prime factors of 35596563?
3, 11865521
List the prime factors of 695558576.
2, 5557, 7823
What are the prime factors of 518815035?
3, 5, 11529223
What are the prime factors of 13472465?
5, 2694493
What are the prime factors of 3706009727?
7, 467, 1133683
What are the prime factors of 120397872?
2, 3, 7, 358327
List the prime factors of 1809596294.
2, 11, 31, 1087, 2441
What are the prime factors of 11360013?
3, 7, 77279
What are the prime factors of 30678620?
2, 5, 7, 219133
List the prime factors of 38562934.
2, 631, 30557
What are the prime factors of 44157869?
7, 211, 4271
List the prime factors of 4596344.
2, 574543
List the prime factors of 782456815.
5, 7, 22355909
What are the prime factors of 1776888576?
2, 3, 85691
List the prime factors of 3702697133.
31, 61, 1958063
What are the prime factors of 46159629?
3, 15386543
What are the prime factors of 1144964868?
2, 3, 2609, 36571
What are the prime factors of 1643339960?
2, 5, 47, 874117
List the prime factors of 67157041.
7, 179, 53597
List the prime factors of 1352942387.
79, 2309, 7417
List the prime factors of 79273546.
2, 11, 89, 40487
What are the prime factors of 1698572715?
3, 5, 7, 47, 344189
What are the prime factors of 3521629?
653, 5393
List the prime factors of 2210899864.
2, 173, 1249, 1279
List the prime factors of 64274492.
2, 19, 845717
What are the prime factors of 51583619?
631, 81749
List the prime factors of 1306083927.
3, 435361309
What are the prime factors of 334110414?
2, 3, 11, 5062279
What are the prime factors of 841791395?
5, 83, 2028413
List the prime factors of 175749166.
2, 53, 997, 1663
What are the prime factors of 350129809?
883, 396523
List the prime factors of 177846540.
2, 3, 5, 1423, 2083
List the prime factors of 5127752987.
7, 181, 383, 10567
What are the prime factors of 526417991?
11, 47856181
What are the prime factors of 3895923910?
2, 5, 389592391
What are the prime factors of 164175420?
2, 3, 5, 27362